reds digit of 101745374?
3
What is the thousands digit of 52646866?
6
What is the hundreds digit of 48630918?
9
What is the tens digit of 11118609?
0
What is the hundred thousands digit of 125219139?
2
What is the units digit of 40752803?
3
What is the hundreds digit of 402002035?
0
What is the millions digit of 185956174?
5
What is the hundreds digit of 341306235?
2
What is the hundreds digit of 382213945?
9
What is the ten thousands digit of 23976235?
7
What is the ten thousands digit of 31582911?
8
What is the hundred millions digit of 4121464589?
1
What is the hundreds digit of 14124077?
0
What is the ten thousands digit of 35145740?
4
What is the units digit of 1096305668?
8
What is the tens digit of 1889003272?
7
What is the thousands digit of 277238935?
8
What is the hundred millions digit of 1217986466?
2
What is the ten thousands digit of 34518232?
1
What is the ten thousands digit of 391576121?
7
What is the hundreds digit of 226254595?
5
What is the ten thousands digit of 334819642?
1
What is the hundreds digit of 26481425?
4
What is the tens digit of 1385952434?
3
What is the tens digit of 112190687?
8
What is the hundreds digit of 321891293?
2
What is the hundred millions digit of 3948944598?
9
What is the units digit of 941156?
6
What is the hundred millions digit of 3692012641?
6
What is the units digit of 2890550107?
7
What is the millions digit of 51347055?
1
What is the units digit of 35417865?
5
What is the tens digit of 51136270?
7
What is the tens digit of 25937952?
5
What is the thousands digit of 127465669?
5
What is the units digit of 571638086?
6
What is the thousands digit of 100464994?
4
What is the millions digit of 4357172284?
7
What is the units digit of 84997957?
7
What is the tens digit of 925383986?
8
What is the units digit of 105643787?
7
What is the millions digit of 190015569?
0
What is the millions digit of 2552874169?
2
What is the tens digit of 4037241469?
6
What is the tens digit of 698690494?
9
What is the units digit of 190762636?
6
What is the ten thousands digit of 690767804?
6
What is the hundreds digit of 55545540?
5
What is the millions digit of 748848144?
8
What is the hundreds digit of 6425572?
5
What is the thousands digit of 1791588371?
8
What is the tens digit of 52034694?
9
What is the thousands digit of 2522314563?
4
What is the hundred millions digit of 223322802?
2
What is the ten millions digit of 3019310420?
1
What is the hundred thousands digit of 97266643?
2
What is the units digit of 32208245?
5
What is the tens digit of 4384235?
3
What is the units digit of 498627849?
9
What is the ten millions digit of 5975307620?
7
What is the tens digit of 2713891686?
8
What is the ten millions digit of 2748504959?
4
What is the units digit of 114436729?
9
What is the ten millions digit of 164467629?
6
What is the ten thousands digit of 47386672?
8
What is the thousands digit of 4464474395?
4
What is the units digit of 167951819?
9
What is the units digit of 122590972?
2
What is the hundred thousands digit of 3982533632?
5
What is the billions digit of 8293935516?
8
What is the ten thousands digit of 37281095?
8
What is the thousands digit of 2791582?
1
What is the tens digit of 184625861?
6
What is the thousands digit of 238344254?
4
What is the thousands digit of 106192770?
2
What is the units digit of 618294548?
8
What is the hundreds digit of 34698324?
3
What is the thousands digit of 57058128?
8
What is the tens digit of 41081925?
2
What is the units digit of 2479379477?
7
What is the ten millions digit of 2335690575?
3
What is the units digit of 254102682?
2
What is the hundreds digit of 56979253?
2
What is the hundred thousands digit of 75377740?
3
What is the tens digit of 68729377?
7
What is the tens digit of 62640275?
7
What is the thousands digit of 59945621?
5
What is the hundreds digit of 174069798?
7
What is the hundreds digit of 2143530761?
7
What is the thousands digit of 42978479?
8
What is the ten millions digit of 93162031?
9
What is the hundred thousands digit of 250480141?
4
What is the billions digit of 5111376226?
5
What is the units digit of 3521616495?
5
What is the billions digit of 3047934937?
3
What is the hundred thousands digit of 1178118429?
1
What is the hundreds digit of 1551759854?
8
What is the ten millions digit of 65673638?
6
What is the ten thousands digit of 119614458?
1
What is the hundred thousands digit of 64897352?
8
What is the tens digit of 71481609?
0
What is the units digit of 26465753?
3
What is the billions digit of 6481238678?
6
What is the units digit of 159671765?
5
What is the millions digit of 27773359?
7
What is the ten thousands digit of 233766234?
6
What is the tens digit of 76125776?
7
What is the hundreds digit of 2229130139?
1
What is the hundred millions digit of 449192597?
4
What is the units digit of 317785341?
1
What is the hundred thousands digit of 80329672?
3
What is the thousands digit of 2636251929?
1
What is the units digit of 179445771?
1
What is the hundred millions digit of 118171387?
1
What is the ten thousands digit of 4120352830?
5
What is the units digit of 2508369883?
3
What is the units digit of 1440498036?
6
What is the tens digit of 39224444?
4
What is the tens digit of 1708662075?
7
What is the millions digit of 1819798490?
9
What is the hundreds digit of 21110399?
3
What is the units digit of 4847693?
3
What is the thousands digit of 2067238643?
8
What is the millions digit of 133377620?
3
What is the ten thousands digit of 673949572?
4
What is the hundred thousands digit of 4552431871?
4
What is the ten thousands digit of 106674188?
7
What is the units digit of 179731092?
2
What is the hundred thousands digit of 65485931?
4
What is the ten thousands digit of 1337782872?
8
What is the hundred thousands digit of 6318765?
3
What is the units digit of 89396449?
9
What is the hundred thousands digit of 5004585?
0
What is the hundreds digit of 2055157476?
4
What is the thousands digit of 244696540?
6
What is the thousands digit of 289444572?
4
What is the hundred thousands digit of 1575178461?
1
What is the hundreds digit of 346555609?
6
What is the millions digit of 23351415?
3
What is the millions digit of 6203681449?
3
What is the hundreds digit of 728134395?
3
What is the tens digit of 10828195?
9
What is the units digit of 96948965?
5
What is the ten thousands digit of 32251419?
5
What is the hundreds digit of 796884296?
2
What is the ten thousands digit of 197657195?
5
What is the ten thousands digit of 3314721026?
2
What is the billions digit of 1686312083?
1
What is the billions digit of 6957841385?
6
What is the tens digit of 455355792?
9
What is the tens digit of 185713897?
9
What is the millions digit of 832837643?
2
What is the ten millions digit of 104209229?
0
What is the thousands digit of 1650555228?
5
What is the tens digit of 1887514638?
3
What is the hundred thousands digit of 280686872?
6
What is the millions digit of 2058365310?
8
What is the hundreds digit of 594354159?
1
What is the millions digit of 8177775937?
7
What is the ten thousands digit of 44762728?
6
What is the hundred millions digit of 148184879?
1
What is the units digit of 115812227?
7
What is the ten millions digit of 73051581?
7
What is the hundreds digit of 3886537091?
0
What is the tens digit of 3146162378?
7
What is the millions digit of 1054253526?
4
What is the millions digit of 805159461?
5
What is the hundred thousands digit of 30826626?
8
What is the tens digit of 6394102774?
7
What is the hundred thousands digit of 4578927505?
9
What is the units digit of 7757398?
8
What is the units digit of 27436232?
2
What is the thousands digit of 377860187?
0
What is the hundreds digit of 163846425?
4
What is the units digit of 379122386?
6
What is the units digit of 3144986759?
9
What is the ten thousands digit of 202039691?
3
What is the ten thousands digit of 19667509?
6
What is the millions digit of 752373551?
2
What is the hundred thousands digit of 405531270?
5
What is the units digit of 3089862?
2
What is the units digit of 120387942?
2
What is the units digit of 58493434?
4
What is the tens digit of 366548879?
7
What is the hundreds digit of 2236379614?
6
What is the hundreds digit of 521463184?
1
What is the ten thousan